5, 553 = 4*m - b - 2*b. Let z = m - 139. Suppose -2*f + 659 = z*q, 4*f - 273 = -q - 60. What is the hundreds digit of q?
2
Suppose 2*d = -6, -4*s + 2*d - 212 + 650 = 0. Suppose -4*r - 60 + s = 0. What is the tens digit of r?
1
What is the ten thousands digit of (3/24*12 - 1505/(-14))*149?
1
Let y(r) = -r**3 - 10*r**2 + 6*r + 5567. What is the thousands digit of y(0)?
5
Let l = 526 - 524. Let y(i) = 375*i - 46. What is the hundreds digit of y(l)?
7
Suppose 27*d + 34*d - 580760 = 871162. What is the tens digit of d?
0
Suppose j + 3*n - 45 = 15, -2*j - 3*n = -111. Suppose -j*d = -45*d - 552. What is the tens digit of d?
9
Suppose 0 = -16*a + 13*a - 12. Let w(g) = -9*g + 63. Let p(y) = 9*y - 64. Let u(n) = a*p(n) - 5*w(n). What is the tens digit of u(14)?
6
Let n(u) = u**3 + 92*u**2 - 86*u + 515. What is the tens digit of n(-92)?
2
Suppose 0 = a - 0*a - m + 269, -m = 4*a + 1071. What is the hundreds digit of a*-1*(2 + -1) + -2?
2
Suppose -7*s = 1282 + 3359. Let f = s - -946. What is the units digit of f?
3
Suppose -3*v + 4*x = -0*x - 104, 4*v - 3*x - 141 = 0. Let l be 2*((-9)/(-4) - (-9)/v). Let r(b) = b**3 + 7*b**2 + 2*b - 22. What is the tens digit of r(l)?
8
Let c be (-3)/(-4)*1 - 10/(-8). Suppose c*s - v - 267 = 0, 0 = 5*v - 24 - 1. What is the units digit of s?
6
Suppose 4*c - 2*l = 72452, 0 = -3*c - 7*l + 12*l + 54325. What is the units digit of c?
5
Let t(a) = 2*a**2 - 26*a - 57. Let b be t(15). Suppose -2*r - r = 5*i - 1609, 3*i + b = 0. What is the tens digit of r?
3
Let t be 0/6 + 4 - -1105. Suppose -h + 2*b = -209 - 18, -3*b = 5*h - t. Suppose -7*o = -6*o - h. What is the hundreds digit of o?
2
Suppose 140*c + 201*c - 3447210 + 509836 = 0. What is the units digit of c?
4
Suppose 7*o - 58939 = -4*n, -n + 661 + 14121 = -5*o. What is the ten thousands digit of n?
1
What is the units digit of (-17484)/(-7) + 50/126 + (-38)/342?
8
Let l(i) = -13*i - 107. Suppose 12*v + 4*z = 13*v + 14, 2*z + 28 = -3*v. What is the tens digit of l(v)?
2
Suppose 0 = 9*k + 17 - 44. Suppose -o + 14 = k*m - 9, 0 = -3*o - m + 69. What is the units digit of o?
3
Suppose -70*y = -75*y + 35. Let m = 70 + -58. Suppose 3*x + 5*v - 35 = 0, -x - y*v + 45 = -m*v. What is the tens digit of x?
2
Let p be ((-3846)/6)/(3 - 4). Suppose p = 2*h + 59. What is the hundreds digit of h?
2
What is the units digit of 8260/4 + (-7)/1 + 3?
1
Suppose -17*p = -24*p + 7. Let l(o) = 10 - 28*o - 29*o - p. What is the units digit of l(-4)?
7
Let k = 83821 - 43819. What is the units digit of k?
2
Let d(r) be the second derivative of 7*r**4/12 + 7*r**3/2 - 17*r**2/2 - 473*r. Suppose -u + 3*n = 4, -3*n - 25 = 3*u + n. What is the units digit of d(u)?
9
Let o(g) = 8*g + 11248. What is the hundreds digit of o(-152)?
0
Suppose -4*t = -3*j + 48142, -13*t = -18*t + 10. What is the ten thousands digit of j?
1
Suppose 0*v + 42 = 2*v. Suppose -5*u + 4 = -91. Suppose v + u = 5*a. What is the units digit of a?
8
Let u be ((-5)/(-10))/((-2)/(-92)). Suppose -u*i + 1570 = -18*i. What is the units digit of i?
4
Let h be ((-66)/(-55))/((-3)/105*-2). Suppose -20*c + h*c - 370 = -5*b, 2*c - 776 = -b. What is the hundreds digit of c?
3
Let k = 161 - 171. Let b(l) = l**2 - 24*l - 1. What is the tens digit of b(k)?
3
Suppose -2*i = 6*i - 496. Suppose 0 = 5*j - 0*v - 2*v + i, 3*j = -2*v - 34. What is the units digit of j/30 - 864/(-10)?
6
What is the units digit of ((-24)/(-7)*108/16)/(29/203)?
2
Let s be ((-16)/6)/(9/(-945)). Let a = 559 - s. What is the hundreds digit of a?
2
Let y(i) = -159*i**2 + i - 2. Let w(g) = g**2 - g - 1. Let d be w(-1). Let h be y(d). Let t = -36 - h. What is the hundreds digit of t?
1
Suppose 40*f - 109061 - 216539 = 0. What is the thousands digit of f?
8
Suppose -10890*c + 29296 = -10882*c. What is the hundreds digit of c?
6
What is the thousands digit of -10574*(14/(-10) + 212/530)?
0
Suppose -3*u = -3, -s = -0*s + 4*u - 4. Let d be 0/(-1*(1 + s)). Suppose 3*c - 4*g - 343 = d, -1 = -g + 2*g. What is the tens digit of c?
1
Suppose -10 = -5*l, -4*v + 2*l + 11299 = -10661. What is the thousands digit of v?
5
Let a = -451 + 747. Let u = -5 - -5. Suppose u = -3*j - j + a. What is the tens digit of j?
7
Let m(s) = 57*s + 7. Let g(j) = j + 1. Let z be 6/(-5)*(-5)/15*10. Let u(f) = z*g(f) - m(f). What is the hundreds digit of u(-2)?
1
Suppose 13*u + 490 = -1733. Let h = u - -625. What is the tens digit of h?
5
Let h = -229 - -234. What is the hundreds digit of 6/(-15) + 3372/h?
6
Suppose -5*c + 62279 = -153346. What is the hundreds digit of c?
1
Let u(o) = -o**3 - 19*o**2 - 269*o - 29. What is the tens digit of u(-21)?
0
Let o = -268 + 148. Let g = o + 111. What is the units digit of 136 + -3*12/g?
0
Let y(v) be the third derivative of -v**6/120 + 4*v**5/15 + v**4/4 + 11*v**3/3 + v**2. Suppose 9 - 3 = d + 2*x, -4*x = 20. What is the units digit of y(d)?
8
Let n(z) = -508*z + 10106. What is the ten thousands digit of n(-40)?
3
Suppose 6*p - p = -3*o + 101050, 269476 = 8*o + 4*p. What is the units digit of o?
5
Let j(i) = -11*i + 156 - i**2 - 176 - 23*i - 11*i. What is the hundreds digit of j(-13)?
3
Let m = -14694 + 39162. What is the tens digit of m?
6
Suppose 32*t - 29*t - 3339 = -3*q, -2*t + 3337 = 3*q. What is the units digit of q?
1
Let d = -32 + 37. Suppose -d*u = 263 - 1348. Suppose 218 = 3*n + k, 0 = 3*n + 6*k - 4*k - u. What is the tens digit of n?
7
Let s = 843 - 557. Let f = -214 + s. What is the tens digit of f?
7
What is the thousands digit of (5/30)/(24/4057056)?
8
Suppose 0 = -k - 4*n + 34392, -99*n - 103203 = -3*k - 102*n. What is the tens digit of k?
0
What is the hundreds digit of (-8)/16*12 - 670380/(-15)?
6
Let p(z) = 60*z**2 - 6*z + 11. Let y be p(6). Let v = y - 1457. What is the tens digit of v?
7
What is the ten thousands digit of ((-124)/95 + (-14)/(-133))/((-8)/119720)?
1
Suppose 0 = -12*c + 8*c + 4472. Let w = c + -758. What is the hundreds digit of w?
3
Let z be (-25)/(-15)*(-18)/(-15). Suppose -348 = -z*x - g + 924, 5*x - 3178 = -3*g. What is the units digit of x?
8
Suppose -2*d = 5*n - 145649, 0 = 3*n - 2*d - 8740 - 78675. What is the tens digit of n?
3
Let v = 471 - -874. Suppose 5*z - 2*d = 322 + v, z - 5*d = 338. What is the units digit of z?
3
Let h be (-1048)/20 - 4/(-10). Let r = -256 + 168. Let x = h - r. What is the tens digit of x?
3
Let y(v) = -86*v - 233. Let f be y(-6). Suppose -a = f - 323. What is the tens digit of a?
4
Let u = 2010 + 7376. What is the tens digit of u?
8
What is the units digit of 3243488/264 - (-14)/231?
6
Let p(h) = 230*h**3 - 27*h**2 + 90*h - 18. What is the hundreds digit of p(5)?
5
Suppose 2456880 = 50*d - 13*d + 50*d. What is the ten thousands digit of d?
2
Let q = 553 + 4540. What is the hundreds digit of q?
0
Let t be 2 + (-11)/(22/(-2400)). Let u(b) = 15*b - t - b**2 + 2*b**2 + 1215. What is the tens digit of u(-16)?
2
Let m be (4/((-40)/(-25)))/(2/20). Let b be (12/(-15))/2 + (-190)/m. What is the units digit of 2/24*3 + (-918)/b?
5
Suppose 4*b - 56 = -2*p + 4, 16 = -4*p. Suppose 63 = 5*a + i - b, 0 = 3*a + 3*i - 60. What is the units digit of a?
5
Suppose 97 - 229 = -6*f. Let l be (-3)/((-33)/(-2)) - 58120/f. What is the tens digit of -8 - (-708)/90 - l/15?
7
Let w(s) = 348*s**2 + 142*s - 858. What is the units digit of w(6)?
2
Let a = 107487 + -9187. What is the tens digit of a?
0
Let m(x) = -3*x**3 + 17*x**2 + 294*x - 112. What is the tens digit of m(-14)?
3
Suppose -9*w - 2870 = -22274. What is the hundreds digit of w?
1
Suppose 5*a = 3*l - 22, -5*a + 9*a + 8 = 0. Suppose m - 4*y - 192 = -m, 0 = -l*y + 4. What is the tens digit of m?
9
Suppose -95*y - 57*y = 25*y - 12294597. What is the thousands digit of y?
9
Suppose 4*i - 5*j - 250 - 13 = 0, 0 = 2*j - 2. Let n = 227 - i. What is the units digit of n?
0
Let m = -110 - -260. Suppose 2*c - m = 110. Suppose 2*y = -3*s + c, 4*y = 2*s - 90 - 18. What is the units digit of s?
6
Suppose -y - 1 = -r, r - 9 = -4*y + 3*y. Let f be y + (44/12 - 4/6). Suppose -330 = -3*p - f*p. What is the tens digit of p?
3
Let b(i) = 21*i - 93. Let g be b(15). Suppose -223*p = -g*p - 514. What is the units digit of p?
4
Suppose -91444 = 128*k - 1629620. What is the thousands digit of k?
2
Let j(m) = 6*m**2 + 45*m - 14. Let n be j(-8). What is the tens digit of 5/n*-8 + 836?
3
Let v(o) = 6*o